se 7) to base 11.
-39a
-235 (base 7) to base 2
-1111100
Convert 200200221 (base 3) to base 7.
54514
What is 126c (base 13) in base 12?
1629
What is 16773 (base 8) in base 6?
55311
649 (base 14) to base 3
1200222
b4c (base 14) to base 3
10001101
12455 (base 7) to base 6
23215
301 (base 15) to base 12
484
Convert -ee39 (base 16) to base 14.
-18321
What is 40 (base 10) in base 14?
2c
Convert 86 (base 13) to base 8.
156
Convert 4419 (base 12) to base 4.
1311111
Convert 7295 (base 14) to base 3.
1000001210
a97 (base 15) to base 7
6655
What is 2333 (base 7) in base 15?
3c2
-1101 (base 5) to base 8
-227
What is -3778 (base 12) in base 8?
-14214
Convert -2626 (base 7) to base 14.
-516
-1011001010100 (base 2) to base 14
-2124
What is 1111101010 (base 2) in base 9?
1333
678 (base 12) to base 4
32330
Convert 8 (base 15) to base 5.
13
a5 (base 15) to base 3
12202
Convert 56 (base 10) to base 8.
70
-138a (base 15) to base 4
-1001110
What is -3 (base 7) in base 4?
-3
What is 1044 (base 10) in base 14?
548
Convert 11121222 (base 3) to base 4.
310232
What is -1121 (base 8) in base 2?
-1001010001
What is -1abb (base 14) in base 15?
-1699
What is -11220212 (base 3) in base 2?
-111000000011
Convert -3010 (base 7) to base 15.
-491
Convert 2790 (base 11) to base 3.
11221122
2a6e (base 16) to base 10
10862
Convert -5b1 (base 13) to base 7.
-2612
-2514 (base 6) to base 11
-516
Convert -1001011001010 (base 2) to base 12.
-294a
Convert 2001021221 (base 3) to base 5.
2242214
244d (base 14) to base 7
24326
-bb82 (base 14) to base 15
-9939
Convert 10012122 (base 3) to base 16.
923
What is 33375 (base 9) in base 11?
15735
-3698 (base 10) to base 7
-13532
What is -3ba (base 13) in base 2?
-1010010100
Convert 4621 (base 9) to base 3.
11200201
Convert 433 (base 7) to base 10.
220
What is 1001100001 (base 2) in base 13?
37b
What is 10001110000110 (base 2) in base 4?
2032012
Convert -430 (base 16) to base 9.
-1421
Convert -451 (base 11) to base 12.
-390
782 (base 15) to base 3
2022212
Convert 2075 (base 8) to base 12.
765
What is 230 (base 11) in base 12?
1ab
Convert 358 (base 10) to base 15.
18d
-53343 (base 6) to base 11
-5503
Convert -402324 (base 7) to base 3.
-10110101110
Convert -101121020 (base 3) to base 8.
-17060
What is -14b7 (base 12) in base 2?
-100110001011
What is 4334 (base 5) in base 7?
1506
What is -62777 (base 10) in base 13?
-22760
What is 1010010100110 (base 2) in base 11?
3a76
Convert -9877 (base 12) to base 3.
-212001001
Convert 7351 (base 15) to base 9.
36384
Convert -1052 (base 9) to base 12.
-548
-13 (base 7) to base 5
-20
What is 331 (base 7) in base 2?
10101001
Convert 54220 (base 8) to base 4.
11202100
What is 13521 (base 6) in base 9?
2834
9133 (base 10) to base 14
3485
-8042 (base 12) to base 14
-50b0
What is 37855 (base 10) in base 7?
215236
-18464 (base 12) to base 10
-35212
Convert -586 (base 16) to base 2.
-10110000110
-93 (base 15) to base 4
-2022
Convert -14a0a (base 11) to base 3.
-1002001122
What is 22202210 (base 3) in base 8?
14371
Convert 3662 (base 9) to base 3.
10202002
Convert -c8a (base 14) to base 15.
-aee
What is -2 (base 11) in base 6?
-2
-83 (base 15) to base 16
-7b
What is 24315 (base 8) in base 6?
120205
Convert -2112210 (base 3) to base 16.
-741
Convert -341114 (base 5) to base 14.
-4558
-131310 (base 5) to base 14
-1c7b
Convert 1bb59 (base 13) to base 16.
d585
Convert 46 (base 8) to base 2.
100110
What is a6a (base 12) in base 15?
6b7
Convert 6a (base 16) to base 14.
78
Convert 70 (base 11) to base 2.
1001101
What is -3540 (base 8) in base 2?
-11101100000
Convert -573 (base 13) to base 12.
-663
Convert -1bd (base 16) to base 9.
-544
Convert 2061 (base 11) to base 6.
20345
What is 17b6a (base 15) in base 11?
527a1
What is -1032301 (base 5) in base 10?
-17826
Convert -25 (base 15) to base 14.
-27
What is -435 (base 7) in base 10?
-222
-50c (base 15) to base 10
-1137
What is -cd5 (base 15) in base 7?
-11312
Convert 7443 (base 11) to base 10.
9848
-a22a (base 11) to base 16
-3510
-2212 (base 3) to base 7
-140
Convert -11031 (base 4) to base 13.
-1c8
Convert 200020 (base 3) to base 5.
3432
Convert -2a53 (base 14) to base 15.
-2366
Convert -1c99 (base 13) to base 8.
-10377
What is 3a5 (base 14) in base 10?
733
-626 (base 8) to base 13
-253
62336 (base 8) to base 13
b9a4
Convert 10164 (base 7) to base 6.
15320
What is -467 (base 10) in base 7?
-1235
1342 (base 5) to base 9
266
What is -10101001 (base 2) in base 10?
-169
What is 3a82 (base 14) in base 13?
48ca
What is 3ba (base 13) in base 6?
3020
Convert 202131 (base 5) to base 14.
2553
Convert -11022 (base 3) to base 9.
-138
Convert -704 (base 8) to base 10.
-452
Convert 257 (base 9) to base 14.
114
13112031 (base 4) to base 8
72615
Convert -1100011111100110 (base 2) to base 7.
-302124
What is 1100000100010 (base 2) in base 9?
8424
-610 (base 7) to base 11
-254
-340031 (base 6) to base 8
-67563
Convert -2521 (base 10) to base 16.
-9d9
What is 74663 (base 9) in base 12?
246b6
What is -10010011011110 (base 2) in base 10?
-9438
Convert -403 (base 6) to base 3.
-12110
Convert bb8 (base 14) to base 3.
10011212
Convert -21114 (base 5) to base 7.
-4052
70555 (base 9) to base 3
2100121212
What is -2282 (base 11) in base 5?
-43434
What is -12200 (base 3) in base 7?
-306
Convert -116b (base 15) to base 2.
-111001110101
-8cb (base 15) to base 11
-1550
Convert 1110010100111 (base 2) to base 8.
16247
Convert -5a75 (base 11) to base 12.
-4723
What is 21333 (base 5) in base 12?
a24
Convert 21231002 (base 4) to base 9.
60462
-1266 (base 12) to base 7
-6051
Convert -100101100000 (base 2) to base 5.
-34100
Convert -389 (base 14) to base 6.
-3141
Convert -12998 (base 11) to base 15.
-5734
-2320 (base 4) to base 5
-1214
What is 52 (base 9) in base 10?
47
Convert -681 (base 9) to base 6.
-2331
2d (base 14) to base 11
38
Convert -274 (base 9) to base 11.
-199
Convert 1000100001011 (base 2) to base 10.
4363
-3aa (base 15) to base 16
-343
Convert -2b65 (base 12) to base 13.
-2438
111111000 (base 2) to base 7
1320
Convert 11331 (base 4) to base 16.
17d
Convert 4121 (base 6) to base 11.
760
-727 (base 14) to base 11
-106a
-56 (base 16) to base 9
-105
What is -23011 (base 10) in base 9?
-34507
41 (base 5) to base 9
23
670 (base 8) to base 12
308
What is 31203000 (base 4) in base 12?
28140
Convert 3156 (base 13) to base 8.
15257
-4869 (base 12) to base 2
-1111111010001
Convert 996 (base 10) to base 5.
12441
21014 (base 5) to base 15
624
What is 423 (base 9) in base 8?
531
Convert -313 (base 12) to base 13.
-285
Convert 1922 (base 10) to base 3.
2122012
Convert -a80 (base 11) to base 16.
-512
Convert -10bc (base 16) to base 5.
-114114
Convert -103301 (base 4) to base 8.
-2361
Convert -12120001 (base 3) to base 8.
-7723
-102221 (base 3) to base 13
-1ba
What is 3f3 (base 16) in base 4?
33303
-58d (base 16) to base 9
-1848
Convert 142634 (base 7) to base 10.
27416
-11e6 (base 16) to base 14
-1954
Convert 3000313 (base 4) to base 2.
11000000110111
What is 145035 (base 6) in base 2?
11011011101111
-134203 (base 6) to base 12
-7363
Convert 224 (base 12) to base 13.
1b4
Convert -31203 (base 4) to base 16.
-363
What is 1321 (base 7) in base 9?
621
Convert 42b (base 15) to base 2.
1110101101
What is 2102121 (base 3) in base 6?
12111
What is 133 (base 6) in base 4?
321
-22212 (base 4) to base 5
-10203
Convert 76c (base 15) to base 6.
11433
What is 454245 (base 6) in base 13?
14714
What is -10100011000 (base 2) in base 6?
-10012
What is -4501 (base 10) in base 2?
-1000110010101
451 (base 10) to base 16
1c3
Convert -9b8 (base 14) to base 3.
-2122100
2002201 (base 3) to base 14
7b5
What is 1011111 (base 2) in base 15?
65
What is 144 (base 9) in base 4?
1321
Convert -174 (base 8) to base 2.
-1111100
What is 112 (base 10) in base 2?
1110000
What is 6a6c (base 14) in base 10?
18520
Convert 1000100110101 (base 2) to base 5.
120110
-2a8 (base 12) to base 6
-1532
4352 (base 8) to base 5
33112
253603 (base 7) to base 8
133541
-1112223 (base 4) to base 2
-1010110101011
Convert -101010101001101 (base 2) to base 3.
-1002221210
What is -438 (base 10) in base 9?
-536
Convert 5726 (base 8) to base 3.
11011020
What is -10011010110 (base 2) in base 5?
-14423
115323 (base 6) to base 8
24043
27c (base 15) to base 8
1067
What is 2341 